s -220 (base 9) in base 7?
-345
Convert 3a (base 13) to base 7.
100
0 (base 12) to base 9
0
Convert -24 (base 6) to base 10.
-16
Convert -3 (base 11) to base 3.
-10
Convert 1010111 (base 2) to base 6.
223
What is -104 (base 5) in base 8?
-35
What is -302 (base 4) in base 12?
-42
-10 (base 6) to base 15
-6
Convert 43 (base 9) to base 4.
213
What is 5 (base 15) in base 11?
5
What is 0 (base 5) in base 15?
0
-110 (base 2) to base 9
-6
Convert 1 (base 9) to base 4.
1
Convert 37 (base 13) to base 9.
51
Convert -31 (base 6) to base 16.
-13
5 (base 14) to base 7
5
-3 (base 10) to base 12
-3
What is -3 (base 12) in base 11?
-3
Convert -5 (base 11) to base 10.
-5
-1 (base 5) to base 16
-1
What is 3 (base 16) in base 11?
3
What is 6 (base 15) in base 8?
6
3 (base 16) to base 2
11
What is 100010110 (base 2) in base 15?
138
What is 2 (base 6) in base 4?
2
What is -120 (base 3) in base 11?
-14
-12 (base 11) to base 15
-d
Convert 33 (base 5) to base 14.
14
Convert 1 (base 2) to base 13.
1
Convert -13 (base 8) to base 3.
-102
-c2 (base 16) to base 8
-302
-d (base 14) to base 2
-1101
What is -1 (base 15) in base 2?
-1
What is 4 (base 10) in base 4?
10
What is 3 (base 10) in base 15?
3
-14 (base 11) to base 13
-12
2 (base 13) to base 11
2
What is -3 (base 5) in base 9?
-3
-4 (base 16) to base 7
-4
What is 30 (base 15) in base 4?
231
What is 22 (base 4) in base 7?
13
What is -4 (base 7) in base 9?
-4
Convert 6 (base 7) to base 14.
6
Convert -273 (base 8) to base 12.
-137
Convert 2 (base 14) to base 13.
2
-3 (base 9) to base 15
-3
Convert -33 (base 9) to base 6.
-50
10 (base 5) to base 9
5
What is -128 (base 11) in base 16?
-97
30 (base 6) to base 14
14
108 (base 9) to base 16
59
1b (base 15) to base 6
42
15 (base 13) to base 15
13
Convert -44 (base 7) to base 8.
-40
What is -10010 (base 2) in base 9?
-20
Convert 2 (base 9) to base 10.
2
What is 101010 (base 2) in base 9?
46
0 (base 12) to base 4
0
Convert 3 (base 12) to base 10.
3
What is 153 (base 11) in base 16?
b3
Convert -1011 (base 2) to base 7.
-14
1122 (base 3) to base 7
62
Convert -24 (base 16) to base 14.
-28
Convert 36 (base 9) to base 14.
25
6 (base 12) to base 11
6
2 (base 9) to base 16
2
Convert -2 (base 4) to base 11.
-2
-42 (base 16) to base 14
-4a
Convert -1 (base 16) to base 4.
-1
What is 5 (base 8) in base 11?
5
91 (base 10) to base 13
70
Convert -1 (base 4) to base 13.
-1
Convert -3 (base 4) to base 7.
-3
Convert 0 (base 8) to base 12.
0
Convert -130 (base 15) to base 3.
-101000
c (base 14) to base 9
13
Convert -2021 (base 3) to base 16.
-3d
Convert 70 (base 9) to base 7.
120
What is 306 (base 9) in base 14?
13b
Convert -2 (base 15) to base 7.
-2
What is 101 (base 5) in base 2?
11010
Convert 0 (base 7) to base 16.
0
-271 (base 9) to base 14
-122
Convert 35 (base 10) to base 7.
50
Convert 124 (base 8) to base 16.
54
7 (base 11) to base 3
21
-31 (base 7) to base 4
-112
Convert 0 (base 5) to base 2.
0
Convert -1100 (base 5) to base 7.
-303
-20 (base 6) to base 11
-11
What is 8 (base 15) in base 10?
8
-14 (base 9) to base 14
-d
Convert 84 (base 13) to base 10.
108
38 (base 9) to base 4
203
Convert 4 (base 8) to base 16.
4
What is 12 (base 10) in base 2?
1100
13 (base 14) to base 11
16
Convert -102 (base 8) to base 13.
-51
What is 20 (base 15) in base 6?
50
4 (base 14) to base 10
4
-12 (base 11) to base 5
-23
What is -6 (base 15) in base 4?
-12
-1244 (base 6) to base 2
-100111100
What is 2 (base 10) in base 4?
2
Convert 5 (base 13) to base 15.
5
Convert -1004 (base 6) to base 10.
-220
3 (base 6) to base 8
3
33 (base 4) to base 15
10
13 (base 14) to base 12
15
45 (base 14) to base 5
221
What is -6 (base 15) in base 9?
-6
Convert -243 (base 8) to base 10.
-163
What is 12 (base 3) in base 15?
5
Convert 0 (base 4) to base 15.
0
What is -3 (base 16) in base 5?
-3
Convert -110 (base 2) to base 16.
-6
Convert 3 (base 13) to base 7.
3
9 (base 16) to base 8
11
What is 4 (base 12) in base 2?
100
What is -6 (base 10) in base 6?
-10
Convert -1111 (base 2) to base 5.
-30
Convert 2 (base 13) to base 11.
2
102 (base 3) to base 15
b
What is -51 (base 6) in base 5?
-111
Convert -67 (base 10) to base 3.
-2111
43 (base 9) to base 11
36
c9 (base 14) to base 6
453
Convert 23 (base 5) to base 3.
111
What is -101 (base 3) in base 13?
-a
-101 (base 3) to base 16
-a
What is -24 (base 7) in base 2?
-10010
-4 (base 15) to base 6
-4
Convert -325 (base 7) to base 13.
-ca
-1111 (base 2) to base 5
-30
-5 (base 7) to base 8
-5
What is 16 (base 7) in base 14?
d
-11112 (base 3) to base 2
-1111010
32 (base 4) to base 12
12
Convert 4 (base 12) to base 8.
4
Convert 101 (base 5) to base 11.
24
0 (base 14) to base 10
0
What is -1a (base 11) in base 2?
-10101
Convert -10 (base 10) to base 13.
-a
-27 (base 11) to base 4
-131
Convert -7 (base 15) to base 13.
-7
-112 (base 3) to base 14
-10
Convert 3 (base 4) to base 11.
3
3 (base 13) to base 6
3
Convert 10 (base 2) to base 11.
2
4 (base 13) to base 3
11
What is -3 (base 9) in base 11?
-3
16 (base 10) to base 4
100
-1 (base 4) to base 8
-1
Convert -2 (base 13) to base 12.
-2
-100 (base 9) to base 3
-10000
-4b (base 12) to base 6
-135
Convert -1101 (base 2) to base 12.
-11
Convert 13 (base 4) to base 14.
7
What is 4 (base 15) in base 3?
11
Convert 1 (base 8) to base 11.
1
3e (base 15) to base 8
73
-9 (base 14) to base 12
-9
11001 (base 2) to base 9
27
What is 2 (base 6) in base 8?
2
Convert -13 (base 7) to base 14.
-a
-20 (base 4) to base 3
-22
Convert -3 (base 12) to base 4.
-3
10 (base 2) to base 4
2
What is 11010100 (base 2) in base 4?
3110
What is -10000 (base 2) in base 15?
-11
86 (base 13) to base 2
1101110
Convert 1 (base 6) to base 8.
1
What is 14 (base 6) in base 14?
a
What is -17 (base 9) in base 6?
-24
What is -11 (base 5) in base 7?
-6
What is 2 (base 15) in base 13?
2
-7 (base 8) to base 2
-111
Convert 15 (base 16) to base 12.
19
Convert 3 (base 8) to base 15.
3
Convert -4 (base 5) to base 16.
-4
Convert -1 (base 15) to base 6.
-1
What is 2 (base 5) in base 3?
2
-313 (base 4) to base 16
-37
Convert 0 (base 7) to base 2.
0
What is -4 (base 16) in base 6?
-4
1c (base 16) to base 8
34
What is -1b (base 16) in base 4?
-123
Convert 6 (base 10) to base 13.
6
Convert -83 (base 15) to base 5.
-443
What is -3 (base 16) in base 12?
-3
Convert 5 (base 15) to base 10.
5
0 (base 7) to base 6
0
2 (base 4) to base 3
2
What is -7a (base 11) in base 4?
-1113
What is -1011 (base 2) in base 13?
-b
What is -1 (base 3) in base 5?
-1
Convert 3 (base 12) to base 2.
11
Convert 10 (base 4) to base 13.
4
20 (base 4) to base 7
11
43 (base 12) to base 14
39
Convert -123 (base 10) to base 3.
-11120
Convert -2 (base 13) to base 12.
-2
Convert 1 (base 6) to base 2.
1
Convert -106 (base 7) to base 3.
-2001
Convert -3 (base 8) to base 10.
-3
What is 322 (base 4) in base 8?
72
0 (base 9) to base 4
0
What is 9 (base 13) in base 3?
100
-38 (base 13) to base 10
-47
What is -1 (base 2) in base 5?
-1
Convert -214 (base 6) to base 11.
-75
-1110001 (base 2) to base 12
-95
Convert 122 (base 4) to base 8.
32
What is -5 (base 13) in base 7?
-5
What is 284 (base 9) in base 10?
238
Convert 97 (base 16) to base 9.
177
Convert 125 (base 11) to base 12.
104
What is 1101 (base 4) in base 9?
100
Convert 213 (base 10) to base 4.
3111
-1010 (base 2) to base 9
-11
-240 (base 5) to base 2
-1000110
What is 87 (base 16) in base 11?
113
Convert 6 (base 11) to base 9.
6
7 (base 14) to base 10
7
What is 0 (base 3) in base 15?
0
What is 205 (base 12) in base 14?
16d
What is 0 (base 16) in base 5?
0
355 (base 6) to base 2
10001111
Convert -2221 (base 3) to base 16.
-4f
Convert -8 (base 11) to base 5.
-13
Convert 1 (base 7) to base 5.
1
What is b (base 13) in base 5?
21
Convert -20 (base 5) to base 10.
-10
4 (base 16) to base 13
4
-20 (base 5) to base 10
-10
Convert -3 (base 9) to base 3.
-10
What is 13 (base 5) in base 2?
1000
Convert 0 (base 11) to base 13.
0
-10 (base 6) to base 4
-12
37 (base 13) to base 16
2e
12 (base 4) to base 10
6
What is 10 (base 6) in base 2?
110
-2200 (base 3) to base 5
-242
What is -3 (base 13) in base 9?
-3
2 (base 15) to base 16
2
-5 (base 7) to base 10
-5
What is 22 (base 5) in base 12?
10
Convert 202 (base 5) to base 3.
1221
Convert 52 (base 8) to base 7.
60
What is -55 (base 6) in base 2?
-100011
-10 